st common factor of 352 and 1623688.
88
What is the greatest common divisor of 289 and 151725?
289
What is the highest common factor of 7458 and 16950?
678
What is the greatest common factor of 239 and 4478860?
239
What is the highest common factor of 316897 and 2261?
119
What is the highest common divisor of 1641628 and 97?
97
Calculate the greatest common factor of 2716 and 84.
28
Calculate the highest common divisor of 112 and 995024.
16
Calculate the greatest common divisor of 95611 and 23.
23
What is the highest common factor of 307904 and 24?
8
What is the greatest common factor of 2028 and 4498?
26
What is the greatest common factor of 3075 and 11850?
75
Calculate the highest common factor of 80806 and 209.
11
What is the highest common factor of 24 and 19416?
24
Calculate the greatest common factor of 135924 and 6507.
723
What is the greatest common factor of 53119 and 121?
121
What is the greatest common factor of 1555867 and 919?
919
What is the greatest common divisor of 22500 and 2300?
100
Calculate the highest common divisor of 9714 and 46.
2
What is the greatest common factor of 312 and 10257?
39
Calculate the greatest common factor of 21353 and 6026.
131
What is the greatest common factor of 1527653 and 194?
97
What is the greatest common factor of 340 and 33065?
85
Calculate the greatest common factor of 3 and 17048.
1
What is the highest common divisor of 146 and 1764410?
146
What is the greatest common divisor of 157073 and 38?
19
Calculate the highest common divisor of 254 and 3012440.
254
Calculate the greatest common divisor of 4365413 and 13.
13
Calculate the highest common divisor of 2451 and 2881.
43
What is the greatest common divisor of 462 and 107701?
11
Calculate the greatest common divisor of 55 and 12353.
11
Calculate the greatest common divisor of 331840 and 40.
40
Calculate the greatest common factor of 20 and 314610.
10
What is the greatest common factor of 13355 and 10?
5
What is the greatest common factor of 4728283 and 2435?
487
What is the highest common factor of 1928 and 712?
8
Calculate the greatest common divisor of 45331 and 13.
13
What is the highest common factor of 95575 and 175?
25
Calculate the greatest common factor of 455715 and 684.
171
Calculate the highest common divisor of 2444400 and 1080.
360
Calculate the highest common factor of 144820 and 4420.
260
What is the greatest common divisor of 2 and 4715?
1
What is the greatest common factor of 62 and 64?
2
What is the highest common divisor of 1125 and 565605?
45
What is the highest common factor of 45 and 3195?
45
What is the greatest common factor of 4110 and 215?
5
Calculate the highest common factor of 765 and 168895.
85
Calculate the greatest common factor of 74 and 8949560.
74
Calculate the greatest common divisor of 77 and 109543.
7
Calculate the greatest common factor of 1483803 and 3.
3
What is the greatest common divisor of 511 and 104098?
73
What is the greatest common factor of 34887 and 369321?
1203
What is the greatest common divisor of 11476 and 76406?
302
What is the greatest common divisor of 31936 and 20?
4
Calculate the greatest common factor of 7172 and 3749.
163
Calculate the greatest common divisor of 81 and 2017.
1
What is the highest common factor of 22836 and 396?
132
Calculate the greatest common factor of 189 and 12600.
63
Calculate the greatest common factor of 951824 and 248.
248
Calculate the greatest common factor of 186006 and 348.
174
What is the highest common factor of 115496 and 272?
8
What is the greatest common factor of 119003 and 118?
59
What is the greatest common factor of 318 and 2267022?
318
Calculate the greatest common divisor of 47300 and 32.
4
Calculate the highest common divisor of 287 and 5207.
41
Calculate the highest common divisor of 59114 and 22.
22
Calculate the highest common divisor of 3325 and 77.
7
What is the highest common factor of 25250 and 260?
10
Calculate the highest common divisor of 433 and 2346860.
433
What is the highest common divisor of 4137 and 2240?
7
Calculate the highest common factor of 4508411 and 443.
443
What is the greatest common divisor of 412047 and 1539?
81
Calculate the highest common factor of 2146 and 160210.
74
What is the highest common factor of 128 and 12572?
4
What is the greatest common factor of 49 and 39641?
49
Calculate the greatest common divisor of 1558 and 6560.
82
Calculate the highest common divisor of 441 and 270.
9
Calculate the highest common divisor of 10520 and 1720.
40
What is the greatest common factor of 380 and 1432790?
190
Calculate the highest common factor of 126 and 5322.
6
Calculate the highest common factor of 44 and 694903.
11
Calculate the greatest common divisor of 2844 and 8574.
6
Calculate the highest common divisor of 6 and 39918.
6
Calculate the greatest common factor of 136 and 5661.
17
Calculate the highest common divisor of 93 and 48701.
31
What is the highest common factor of 125 and 835?
5
What is the highest common factor of 545640 and 600?
120
What is the greatest common divisor of 223427 and 1797?
599
Calculate the greatest common divisor of 2258 and 20.
2
Calculate the greatest common divisor of 205 and 17455.
5
Calculate the highest common factor of 148 and 56684.
148
What is the highest common divisor of 4847052 and 684?
228
Calculate the greatest common factor of 250 and 7200.
50
Calculate the greatest common factor of 21 and 4207.
7
What is the greatest common factor of 1125 and 302500?
125
Calculate the greatest common factor of 39039 and 609.
21
What is the highest common factor of 83599 and 328?
41
Calculate the greatest common factor of 2520 and 125376.
24
What is the greatest common factor of 134193 and 82?
41
What is the greatest common divisor of 310947 and 21?
21
What is the greatest common factor of 13042 and 14?
2
Calculate the highest common factor of 621875 and 6965.
995
What is the greatest common factor of 26866 and 51604?
266
What is the greatest common factor of 70 and 677922?
14
Calculate the highest common divisor of 190 and 242070.
10
What is the highest common factor of 31845420 and 170?
170
Calculate the greatest common divisor of 216 and 13796.
4
Calculate the highest common factor of 203 and 132153.
203
What is the highest common factor of 2037 and 9603?
291
Calculate the highest common divisor of 46596 and 6996.
132
What is the highest common factor of 9690 and 41310?
510
What is the highest common divisor of 1577 and 8056?
19
Calculate the greatest common divisor of 34410 and 61790.
370
What is the greatest common divisor of 36 and 30764?
4
What is the highest common factor of 8535 and 65?
5
What is the highest common divisor of 116 and 112578?
58
Calculate the highest common factor of 1898368 and 256.
128
Calculate the highest common divisor of 600 and 9075.
75
What is the greatest common factor of 1458981 and 18?
9
What is the greatest common factor of 3387233 and 391?
391
What is the highest common factor of 70560 and 210?
210
What is the greatest common divisor of 904525 and 24250?
2425
What is the greatest common divisor of 34 and 639013?
17
Calculate the greatest common divisor of 63 and 341019.
63
What is the greatest common divisor of 39162 and 2928?
366
What is the greatest common factor of 50 and 281020?
10
Calculate the greatest common divisor of 14599 and 2041.
13
Calculate the greatest common factor of 119291 and 1.
1
What is the highest common divisor of 1853565 and 1143?
381
Calculate the greatest common factor of 270452 and 273.
91
Calculate the highest common divisor of 53957 and 395.
79
Calculate the highest common factor of 16 and 323200.
16
Calculate the greatest common divisor of 215826 and 18.
6
What is the greatest common factor of 57594 and 522?
174
What is the highest common factor of 146 and 56137?
73
What is the greatest common divisor of 42 and 632828?
14
What is the highest common divisor of 1890 and 313830?
90
Calculate the greatest common factor of 36 and 55962.
18
Calculate the highest common factor of 10385085 and 795.
795
Calculate the greatest common divisor of 216194 and 1585.
317
What is the greatest common divisor of 7502 and 176?
22
What is the greatest common divisor of 20 and 2485?
5
What is the highest common factor of 9240 and 492?
12
C